{"id":11,"date":"2025-07-17T12:51:25","date_gmt":"2025-07-17T12:51:25","guid":{"rendered":"https:\/\/frenotex.com\/?page_id=11"},"modified":"2025-08-07T16:35:06","modified_gmt":"2025-08-07T16:35:06","slug":"front_page","status":"publish","type":"page","link":"https:\/\/frenotex.com\/","title":{"rendered":"Inicio"},"content":{"rendered":"\n\n\n\nALTA CALIDAD<br>Y RENDIMIENTO\n\n\n\n\n\nNuestros frenos ofrecen un rendimiento de frenado constante y baja generaci\u00f3n de polvo.\n\n\n\nFabricamos frenos con los mejores materiales y tecnolog\u00eda de vanguardia para asegurar un \u00f3ptimo rendimiento y durabilidad en su autom\u00f3vil.\n\n\n\n\n\n\n\n\n\n\n\n\n\nCERTIFICACIONES INTERNACIONALES DE CALIDAD Y SEGURIDAD\n\n\n\n\n\nEn el marco del control de calidad y desarrollo de materiales, llevamos a cabo pruebas dinamom\u00e9tricas, pruebas de distancia de frenado, pruebas Chase, comportamiento ac\u00fastico y diversas pruebas clim\u00e1ticas en laboratorio y en la carretera.\n\n\n\n\n\n\n\n\n\nT\u00dcV\n\n\n\nCertificamos nuestro Sistema de Gesti\u00f3n de Calidad seg\u00fan la Norma ISO 9001 verificada anualmente por la entidad externa de certificaci\u00f3n T\u00dcV Rheinland Argentina.\n\n\n\n\n\n\n\nISO TS 16949:2009\n\n\n\nEspecifica los requisitos de calidad de los proveedores del sector automotriz, con control de precisi\u00f3n en todas las etapas y orientaci\u00f3n para la mejora continua.\n\n\n\n\n\n\n\nCHAS\n\n\n\nCumplimos con la Aprobaci\u00f3n del Certificado de Seguridad de Autopartes de acuerdo con la Norma IRAM AITA 6C2 verificado por el Organismo Certificador INTI.\n\n\n\n\n\n\n\nOAA\n\n\n\nPrimer laboratorio en el pa\u00eds acreditado internacionalmente por la Agencia Argentina de Acreditaci\u00f3n para ensayos de pastillas de freno bajo norma ISO 17025:2005.\n\n\n\n\n\n\n\n\n\n\n\nEXCLUSIVA L\u00cdNEA<br>de pastillas de frenos\n\n\n\n\n\nLa seguridad es lo m\u00e1s importante cuando se trata de los frenos de autom\u00f3viles.\n\n\n\nNuestros frenos son fabricados siguiendo est\u00e1ndares internacionales de calidad y seguridad, tecnolog\u00eda aplicada al confort de frenado.\n\n\n\n\n\n\n\n\n\nLos frenos no solo detienen el veh\u00edculo, sino que previenen accidentes.\n\n\n\n\n\nAsegurate de mantenerlos en buen estado.\n\n\n\nYa sea que conduzcas en la ciudad o en la ruta, los frenos son un componente esencial para la seguridad de tu auto.<br>Mantenerlos en buen estado es clave para tu seguridad al volante. Lo ideal es hacer una revisi\u00f3n peri\u00f3dica cada 20.000 km.<br>\n\n\n\n\n\n\n\n\n\n\n\nSABEMOS DE FRENOS\n\n\n\n\n\nTu SEGURIDAD y la de los tuyos son nuestra PRIORIDAD.\n\n\n\n\n\n\n\n\n\n\n\nProductos de calidad\n\n\n\n<p>Rendimiento garantizado en cada frenada.<br>Tecnolog\u00eda aplicada al desarrollo de frenos de \u00faltima generaci\u00f3n.<\/p>\n\n\n\n\n\n\n\n\n\n\n\nContacto\n\n\n\n\n\n\u00bfTenes alguna pregunta o consulta?\n\n\n\n\nservicioalcliente@frenotex.com\n\n\n\nBuenos Aires, Argentina\n\n\n\nfrenotexoficial\n\n\n\nfrenotexoficial\n\n\n\n\n\n\n\n<p><\/p>\n","protected":false},"excerpt":{"rendered":"","protected":false},"author":1,"featured_media":0,"parent":0,"menu_order":0,"comment_status":"closed","ping_status":"closed","template":"","meta":{"footnotes":""},"class_list":["post-11","page","type-page","status-publish","hentry"],"_links":{"self":[{"href":"https:\/\/frenotex.com\/index.php?rest_route=\/wp\/v2\/pages\/11","targetHints":{"allow":["GET"]}}],"collection":[{"href":"https:\/\/frenotex.com\/index.php?rest_route=\/wp\/v2\/pages"}],"about":[{"href":"https:\/\/frenotex.com\/index.php?rest_route=\/wp\/v2\/types\/page"}],"author":[{"embeddable":true,"href":"https:\/\/frenotex.com\/index.php?rest_route=\/wp\/v2\/users\/1"}],"replies":[{"embeddable":true,"href":"https:\/\/frenotex.com\/index.php?rest_route=%2Fwp%2Fv2%2Fcomments&post=11"}],"version-history":[{"count":5,"href":"https:\/\/frenotex.com\/index.php?rest_route=\/wp\/v2\/pages\/11\/revisions"}],"predecessor-version":[{"id":108,"href":"https:\/\/frenotex.com\/index.php?rest_route=\/wp\/v2\/pages\/11\/revisions\/108"}],"wp:attachment":[{"href":"https:\/\/frenotex.com\/index.php?rest_route=%2Fwp%2Fv2%2Fmedia&parent=11"}],"curies":[{"name":"wp","href":"https:\/\/api.w.org\/{rel}","templated":true}]}}